)/(-10)*-3. Suppose 0 = -5*u + 11*u + t. What is q(u)?
-8
Let t(b) = b**3 - 1 + 11*b**2 - 301*b - 3 + 312*b. Calculate t(-10).
-14
Let k(o) = o + 35. Let i(m) = 2*m + 56. Let a(h) = -3*i(h) + 5*k(h). Determine a(-14).
21
Let v(a) = 81894 - 81894 - 2*a. Suppose 0 = -3*b - b - 12. Determine v(b).
6
Let a(h) = -h**2 + 10*h - 24. Let z(v) = v**3 - 57*v**2 + 307*v + 1. Let m be z(6). Determine a(m).
-3
Suppose 2*r = 10 + 22. Suppose -4*b + 48 = -r. Let h = 21 - b. Let i(g) = -g**2 + 5*g + 6. What is i(h)?
6
Let p = -186 - -186. Let m(f) be the third derivative of p*f**3 + 0 - 4*f**2 - 11/24*f**4 + 0*f. Calculate m(1).
-11
Let d(h) = 2*h - 27. Let a(b) = b - 9. Let g(u) = 8*a(u) - 3*d(u). Suppose -5*p - 10 - 9 = 2*z, p = 4*z + 27. Determine g(z).
-5
Let o(k) be the second derivative of k**4/12 - 2*k**3/3 - 3*k**2 - 2*k + 26. Calculate o(4).
-6
Let z(q) = q + 4. Let k be z(-2). Let w(h) = h**3 + 2*h - 3. Determine w(k).
9
Let m = -58 + 62. Let u(n) = -n**3 + 3*n**2 + 4. Give u(m).
-12
Let p(b) = -5*b - 23. Let r(n) = -2*n - 11. Let m(o) = -6*p(o) + 13*r(o). Let z(f) = -5*f + 6. Let g(x) = -4*m(x) - 3*z(x). What is g(-2)?
4
Let f(d) = -7*d**2 - 2*d - 6. Let h(o) = 8*o**2 + 2*o + 6. Let x(m) = -7*f(m) - 6*h(m). Let n be x(-2). Let i(w) = w**3 - 6*w**2 - 4. Calculate i(n).
-4
Let l(s) be the second derivative of s**5/60 + s**4/4 + 2*s**3/3 - 5*s**2 + 9*s. Let i(u) be the first derivative of l(u). Let t = -7 - -2. Give i(t).
-1
Suppose -25*o + 26*o = 3. Suppose 3*j = -o*j + 12. Let g(u) = 4*u**2 - 3 - 2 - 7*u**j + 4*u**2. What is g(0)?
-5
Let v(r) = r**3 - 7*r**2 + 6*r + 5. Suppose -24 = -11*f + 7*f. Give v(f).
5
Let v be 4/10*(0/15 + -15). Let l(z) = -4*z - 10. What is l(v)?
14
Let d be 0 + (-5)/(-5)*(-3)/(-3). Let v(g) = -19*g**2 + 10 - 7 - 2. Give v(d).
-18
Let r(w) be the second derivative of 8*w + 3*w**2 + 0 + 1/60*w**5 + 1/12*w**4 - 1/2*w**3. Let q(d) be the first derivative of r(d). Give q(-3).
0
Let m(q) = 3*q**2 + 5*q - 17. Let h(s) = -s**2 - 2*s + 6. Let f(x) = -x**3 - 3*x**2 - x - 6. Let b be f(0). Let c(u) = b*m(u) - 17*h(u). What is c(5)?
-5
Let u(k) = 3*k - 4. Let v be u(3). Let q(w) = 6*w + 28*w**2 - 6*w**2 + 3 + 2 - 23*w**2. What is q(v)?
10
Let v(y) = y**3 - 3*y**2 - 2*y + 2. Let j = 105 + -73. Let z = -30 + j. Give v(z).
-6
Let f(c) = c**2 - 2*c + 3. Let i be f(2). Let z(v) = -61*v - 4*v**3 + 62*v + 8*v**i - v**2. Give z(1).
4
Let l(k) = -3 + 6 + 2 + 23*k - 18*k - 1. Calculate l(-6).
-26
Suppose 5*r - 15 = 5. Let q = r + -7. Let d(p) be the third derivative of p**5/60 + p**4/8 + p**3/3 + 6*p**2. Calculate d(q).
2
Let g(n) = n**3 + 5*n**2 + 3*n + 1. Let x be 2 + -1 + -7 + 46/23. Determine g(x).
5
Let l(v) be the second derivative of v**3/2 + 3*v**2 - 6946*v. Let i(f) = -3*f. Let a be i(2). Determine l(a).
-12
Suppose -2*r + 2 - 12 = 0. Suppose -w = 4*w - 50. Let z(o) = -w*o + 19*o - 8*o + 1. Determine z(r).
-4
Let k(r) = r**2 - 18*r + 25. Let h be k(16). Let m(j) be the third derivative of 0*j + 0 - 7/60*j**5 - 1/120*j**6 - 2*j**2 + 0*j**4 + 2/3*j**3. Determine m(h).
4
Let j(k) = -k**2 - 5*k - 7. Let t(o) = -4*o**2 - 16*o - 22. Let g(l) = 7*j(l) - 2*t(l). Let u be g(3). Let d(f) = -f**3 - 6*f**2 - 6*f - 3. Give d(u).
2
Let r(f) = -2*f - 7. Let z = 199 - 207. Give r(z).
9
Suppose -2*g - 3 = 3*n + g, 3*n - 3*g = 27. Suppose 0 = -0*l + n*l - 68. Let a = l - 14. Let w(v) = -v**3 + 3*v**2 - 2. Determine w(a).
-2
Let x(j) = 7*j + 4. Let g(n) = -n + 0*n**2 - 2 - 8*n**2 + 9*n**2 + 1. Let p(h) = 5*g(h) + x(h). Determine p(1).
6
Suppose -82*o - 8 = -78*o. Let d(f) = -5*f - 3. Give d(o).
7
Let u(g) = 29*g - 296. Let k(t) = -5*t + 50. Let c(h) = -6*k(h) - u(h). Let a be (-2)/2 - (-20)/1. Let m = a + -12. Calculate c(m).
3
Let q(v) be the third derivative of v**4/8 - 2*v**3/3 + 54*v**2. Let n(t) = t + 1. Let l(u) = 2*n(u) - q(u). Calculate l(7).
-1
Let g(p) = -2*p**3 - 4*p**2 + p**3 + p**2 + 3*p. Let t(b) = b**3 - 4*b**2 - 5*b - 3. Let x be t(5). Calculate g(x).
-9
Suppose 4*k + 95 = -89. Let w = 50 + k. Let h(s) = s + 3. Determine h(w).
7
Let o(j) = -j**3 - 1. Let i(g) = -2*g**3 - 4*g**2 + 2*g - 4. Let k(y) = i(y) - 3*o(y). Calculate k(4).
7
Let h(s) = -8*s**2 - s. Let o(q) = 14*q + 603. Let l be o(-43). What is h(l)?
-9
Let w(c) be the second derivative of -c**4/6 - c**3/3 - c**2/2 + c - 6. What is w(-1)?
-1
Let l(g) = 8*g**2 - 33*g + 4. Let y(c) = -13*c**2 + 50*c - 6. Let k(p) = -8*l(p) - 5*y(p). Determine k(-14).
-2
Let d(c) = c**3 - 5*c**2 + c + 3. Let a(o) = o**3 + 20*o**2 - 19*o + 45. Let s be a(-21). Calculate d(s).
-12
Let k(r) = -48*r**2 + r. Suppose -4*d + 2*o = 8, -d = 5*o - 14 + 5. Determine k(d).
-49
Let g(r) = 6*r**2 - r - 1. Suppose -5*a = 4*x + 14, -10 = 2*x + a + 3*a. Let v be 3 - (8 + 4/x). Determine g(v).
6
Suppose -2*t = -2*n - 20 - 18, -4*n = 4. Let z(l) = 8 - 28 + t - 8*l - l**2. Give z(-6).
10
Let p = 37 - 35. Let w(n) = 3 - 9*n + 28*n**p + 2*n - 27*n**2. Determine w(6).
-3
Let z(b) be the first derivative of -4*b**4 - 2*b**3/3 - b**2/2 - 4. What is z(-1)?
15
Let z = -604 + 612. Let i(a) = a**3 - 9*a**2 + 7*a + 1. Determine i(z).
-7
Suppose 8*f - 236 = 67*f. Let y(c) = 2*c**2 + 5*c. Calculate y(f).
12
Let z(y) = -3*y**2 + y - 7. Suppose 3*a - 3*h - 3 = 0, -3*a + 16*h - 11*h = 5. What is z(a)?
-77
Let w(i) = -3*i**2 - 10*i**2 + 12*i**2 + 2*i - 2. Let p(n) = n + 2. Suppose 2*t = 10, 6*t - 20 = -o + 2*t. Let l be p(o). Calculate w(l).
-2
Let p(g) = g**3 - 8*g**2 + 10*g - 9. Let h be p(7). Let o = h + -11. Let v = o - -1. Let k(z) = z**2 - 2*z + 3. Give k(v).
3
Suppose 0 = 3*y - 2*y + 2, -4*q - 10 = 5*y. Let k(w) = -w**2 + 19*w + 2. Let b be k(18). Suppose q*l + 5*l + b = 0. Let h(u) = 5*u + 6. Calculate h(l).
-14
Let v(r) be the second derivative of -r**4/12 - r**3/3 - r**2/2 + 45*r + 3. What is v(-4)?
-9
Suppose 0 = 2*x - 3*t + 13, -26*t - 5 = -2*x - 29*t. Let j(f) = -5*f**3 - 3*f**2 - f + 2. Determine j(x).
32
Let a = 78 + -58. Let w(t) = 3*t**2 + t + 21*t**3 - a*t**3 + 3 - 6. Give w(-4).
-23
Let b(u) = u**2 - 5*u + 3. Let t(w) = -w + 8. Let d be t(-6). Let k = d - 10. Let x be (-8)/(-12)*30/k. Give b(x).
3
Let k be -4 + -4 + -3 + 4. Let t(x) = x**2 + 7*x + 9. What is t(k)?
9
Let o(x) = -x**3 - 4*x**2 + x + 1. Let m(u) = -2*u**2 - 85*u + 318. Let g be m(-46). Calculate o(g).
-3
Suppose -3*x + 4 = -5. Let o(d) = 21*d - 57*d + 19*d + 16*d. What is o(x)?
-3
Let a = -7 - -9. Let d be 0 + 1*(a + -2). Let h(b) = b - 4*b**2 + 2 + b**3 - 3*b + d*b + 4. Calculate h(4).
-2
Let u(g) be the third derivative of -g**6/120 - g**5/5 - g**4/2 - 4*g**3/3 + g**2 + 669*g. Suppose 18 = -3*m + 3*v, m - 10 + 31 = -2*v. Calculate u(m).
3
Let g(x) = -x**3 + 4*x**2 + x + 2. Suppose 0*i - 13 = 3*h - 5*i, -2*h - 17 = -5*i. Let k be g(h). Let o be (10/4)/(3/k). Let v(r) = -r - 7. What is v(o)?
-12
Let l(a) = -a**3 + 20*a**2 + 19. Let b(u) = -252*u - 1492. Let v be b(-6). Determine l(v).
19
Let j(n) = -n + 7. Let f be j(5). Let x(c) = -2*c**2 + 0*c**2 + c**2 - c + f*c**2. Give x(-3).
12
Let g(c) = -5*c**3 - 2*c**2 + 3. Let b(x) = -6*x**3 - 2*x**2 - x + 3. Let j(z) = -z**2 + 5*z + 20. Let n be j(8). Let l(w) = n*b(w) + 5*g(w). What is l(-3)?
0
Let g(s) = 8*s - 11 + 0*s**3 - 9*s**3 + 5*s**2 + 5*s**3 + 3*s**3. Give g(6).
1
Let x = 10605 - 10598. Let k(s) = -s**3 + 9*s**2 + 10*s. Let f(w) = -w**3 + 8*w**2 + 10*w - 1. Let v(p) = -3*f(p) + 2*k(p). Determine v(x).
-18
Suppose 0*k - 4*k + 8 = 0. Let h(b) = 4*b + 4 + 0*b**k - b**2 - b. Suppose 2*o + 659 - 665 = 0. What is h(o)?
4
Let x(o) = -o**3 - 2*o**2 - 4*o - 2. Let g(y) = 11*y + 3 - 10*y + 2. Let m be g(-7). What is x(m)?
6
Let a(d) = -d - 1. Let z(r) = 2*r + 9. Let q(y) = -4*a(y) - z(y). Let h = -408 + 404. Calculate q(h).
-13
Let b(h) = -374 - 379 - 2*h**2 + 3*h**2 - 391 - 4*h + 1120. Calculate b(-4).
8
Let h(y) = -y**2 + y - 18. Let w(t) = -t**2 + 7*t + 450. Let x be w(25). Give h(x).
-18
Let p(i) be the third derivative of i**6/120 - i**5/5 + 13*i**4/24 - 5*i**3/2 + 6*i**2. Determine p(11).
7
Let l(f) = -f**2 + 10*f - 2. Let v(x) = x**2 - 11*x + 3. Suppose 0 = -2*z - 3*z - 30. Let h = -12 - -7. Let t(w) = h*v(w) + z*l(w). Give t(7).
11
Suppose s + 5*p - 5 = 25, -3*p = -3*s. Let l(z) = 13*z - 29. Let d(c) = 3*c - 7. Let g(v) = 9*d(v) - 2*l(v). Give g(s).
0
Let m(f) be the third derivative of f**6/60 - f